 highest common divisor of 48979 and 21?
7
What is the highest common factor of 181 and 27?
1
What is the highest common divisor of 22 and 666314?
22
What is the highest common divisor of 145378 and 22?
2
Calculate the highest common divisor of 1503 and 144789.
501
Calculate the highest common divisor of 2737 and 192542.
119
Calculate the greatest common factor of 78 and 464.
2
What is the greatest common divisor of 26848 and 304?
16
Calculate the greatest common divisor of 276504 and 258.
6
Calculate the highest common divisor of 2769588 and 3424.
428
What is the greatest common factor of 5360 and 3828380?
1340
What is the greatest common factor of 58 and 337618?
58
What is the greatest common divisor of 7272 and 4914?
18
Calculate the greatest common divisor of 88375 and 2350.
25
What is the highest common divisor of 231324 and 24?
12
Calculate the greatest common factor of 11380 and 600.
20
Calculate the greatest common divisor of 6990 and 24870.
30
Calculate the highest common divisor of 126935 and 159.
53
What is the greatest common factor of 626456 and 8?
8
What is the greatest common divisor of 105665 and 35?
35
Calculate the greatest common divisor of 255 and 122145.
255
Calculate the highest common factor of 16148 and 918968.
1468
What is the highest common divisor of 646 and 1462?
34
What is the highest common factor of 1794 and 281060?
598
What is the highest common divisor of 342 and 5780142?
342
What is the greatest common factor of 805 and 3395?
35
Calculate the highest common divisor of 1560 and 124.
4
Calculate the highest common divisor of 504 and 3843.
63
Calculate the greatest common factor of 1068 and 60.
12
Calculate the highest common divisor of 224719 and 5.
1
What is the greatest common divisor of 737 and 536?
67
What is the greatest common divisor of 48632 and 32?
8
What is the highest common factor of 56 and 756728?
56
Calculate the greatest common factor of 2901675 and 105.
105
What is the greatest common divisor of 7560 and 1125?
45
What is the greatest common divisor of 208532 and 37?
37
Calculate the greatest common divisor of 1198105 and 415.
415
Calculate the highest common divisor of 601450 and 523.
523
Calculate the greatest common divisor of 2150 and 10600.
50
Calculate the highest common divisor of 270 and 146590.
10
Calculate the highest common divisor of 17502 and 102.
6
What is the greatest common divisor of 15 and 287427?
3
What is the highest common factor of 705676 and 44?
4
Calculate the greatest common divisor of 1314708 and 534.
534
Calculate the greatest common divisor of 1341 and 184909.
149
Calculate the highest common divisor of 5 and 248225.
5
Calculate the highest common factor of 146 and 169068.
146
What is the greatest common divisor of 455 and 905775?
65
What is the greatest common factor of 2761 and 88?
11
What is the highest common divisor of 162 and 33282?
18
What is the greatest common divisor of 542143 and 82?
41
What is the greatest common divisor of 651707 and 1186?
593
Calculate the highest common divisor of 18728 and 64.
8
Calculate the greatest common divisor of 172 and 198488.
172
Calculate the greatest common factor of 171 and 37943.
19
What is the highest common divisor of 238140 and 27?
27
Calculate the greatest common divisor of 171 and 294993.
9
Calculate the greatest common divisor of 308 and 69322.
22
What is the highest common divisor of 140 and 296030?
70
What is the highest common divisor of 137 and 71651?
137
Calculate the greatest common factor of 124813 and 468.
13
Calculate the highest common factor of 3 and 132459.
3
Calculate the highest common divisor of 363 and 395538.
33
What is the greatest common factor of 493 and 2159?
17
What is the greatest common divisor of 3220 and 8620?
20
Calculate the greatest common factor of 4655 and 196.
49
Calculate the highest common factor of 209461 and 4991.
161
Calculate the highest common divisor of 12 and 2897646.
6
Calculate the greatest common factor of 266833 and 7.
7
Calculate the greatest common factor of 815651 and 19.
19
Calculate the highest common factor of 2863 and 378.
7
Calculate the highest common divisor of 495203 and 101.
101
What is the highest common divisor of 92734 and 2587?
199
What is the greatest common factor of 837 and 4557?
93
Calculate the greatest common divisor of 185 and 387279.
37
Calculate the highest common factor of 7550400 and 1200.
1200
What is the highest common factor of 833 and 4097?
17
What is the highest common factor of 298792 and 325?
13
What is the greatest common factor of 348 and 11223?
87
What is the greatest common factor of 13678 and 19?
1
Calculate the greatest common factor of 209 and 1995323.
209
Calculate the highest common divisor of 405 and 467208.
81
Calculate the highest common divisor of 4636 and 20.
4
What is the highest common factor of 264794 and 731?
43
What is the highest common divisor of 10890 and 760?
10
What is the highest common divisor of 83367 and 1593?
531
What is the greatest common factor of 2412 and 789327?
603
Calculate the highest common divisor of 36199 and 689.
53
Calculate the greatest common divisor of 21296 and 64.
16
Calculate the highest common factor of 151067 and 49.
49
What is the highest common divisor of 212783 and 1167?
389
Calculate the highest common divisor of 33018 and 150.
6
What is the greatest common divisor of 15216 and 10368?
48
What is the highest common factor of 236304 and 17712?
432
What is the highest common divisor of 2049173 and 854?
427
Calculate the greatest common factor of 129120 and 640.
160
What is the greatest common divisor of 3234930 and 150?
30
Calculate the highest common factor of 681412 and 4.
4
What is the highest common factor of 12 and 275316?
12
What is the highest common factor of 105 and 333315?
15
What is the greatest common factor of 414 and 21420?
18
What is the greatest common divisor of 410 and 41246?
82
What is the highest common factor of 119 and 55216?
119
What is the highest common divisor of 4653 and 329?
47
What is the highest common factor of 9747 and 1194549?
1083
What is the highest common factor of 855032 and 408?
136
What is the greatest common factor of 235044 and 36?
36
What is the greatest common factor of 1037153 and 34?
17
Calculate the highest common factor of 2916 and 12798.
162
Calculate the greatest common divisor of 13534 and 9246.
134
What is the greatest common factor of 384721 and 8901?
989
Calculate the highest common factor of 3545604 and 12.
12
What is the highest common factor of 1473824 and 44?
44
What is the greatest common factor of 22139 and 9301?
131
Calculate the highest common factor of 11 and 960267.
11
What is the highest common factor of 978 and 12877?
163
Calculate the highest common divisor of 6600 and 4136.
88
What is the greatest common divisor of 34 and 12002?
34
What is the greatest common divisor of 4784 and 11408?
368
What is the greatest common factor of 892269 and 126?
63
Calculate the greatest common factor of 168 and 86121.
21
Calculate the greatest common factor of 118 and 7534949.
59
What is the greatest common divisor of 2336 and 442672?
1168
What is the greatest common divisor of 56 and 16310?
14
Calculate the highest common factor of 1071 and 33453.
63
Calculate the greatest common divisor of 1184472 and 360.
72
Calculate the highest common divisor of 1106838 and 309.
309
Calculate the highest common factor of 1071 and 21798.
63
Calculate the greatest common factor of 187240 and 100.
20
What is the highest common divisor of 830 and 241030?
10
Calculate the greatest common divisor of 178 and 4874441.
89
What is the greatest common factor of 1341 and 1704858?
447
What is the highest common factor of 3135 and 91485?
285
What is the greatest common divisor of 2592 and 8496?
144
Calculate the highest common divisor of 63 and 12213.
9
Calculate the greatest common factor of 9048 and 12792.
312
What is the greatest common factor of 4383 and 24327?
9
What is the greatest common divisor of 48300 and 5152?
644
Calculate the greatest common factor of 1196 and 1976.
52
Calculate the greatest common factor of 30560 and 672.
32
What is the highest common factor of 2173 and 113049?
53
What is the greatest common factor of 57410 and 40?
10
What is the high